 = -76 + 4, -4*l + 92 = n*r. What is the remainder when 50 is divided by r?
24
Let p = -209 + 140. Let i = p + 87. What is the remainder when 70 is divided by i?
16
Let q = 3 - -43. Suppose 0 = -n + 3*n - q. Suppose 0 = -7*o + 26 + n. What is the remainder when 26 is divided by o?
5
Let b(n) be the first derivative of -n**3/3 + 4*n**2 + 10*n + 2. Let f be b(8). Let l = -1 + f. Calculate the remainder when 17 is divided by l.
8
Suppose -39*l = -33*l - 240. Calculate the remainder when (15/3 + -4)*l is divided by 22.
18
Let f = -74 + 87. Suppose 2*s + 68 = 4*s. Calculate the remainder when s is divided by f.
8
Let w(g) = g**3 - 4*g**2 + 8*g - 5. Let s be w(2). Suppose 25 = -s*t + 172. What is the remainder when t is divided by 5?
4
Let h = -2 + 33. What is the remainder when h is divided by ((-10)/135 + (-1330)/270)*7/(-5)?
3
Let u be (-3)/2*(-1550)/(-75). Calculate the remainder when u/2*18/(-3) is divided by 12.
9
Let o(q) be the first derivative of -q**3/3 + 5*q**2 - 2*q - 7. Let p be (-2)/((-1)/(10/4)). Calculate the remainder when 67 is divided by o(p).
21
Suppose -4*a = 5*c - 568 - 640, c - 604 = -2*a. What is the remainder when a is divided by 24?
14
Calculate the remainder when 151 is divided by ((-284)/(-16))/(1/4).
9
Suppose 3*c - 50 = -l + 6*l, -96 = -5*c + 2*l. Let a(y) = -2*y**3 - y + 1. Calculate the remainder when a(-3) is divided by c.
18
Let s = 41 + -63. Let m = -35 - s. Let q(c) = -c**3 - 12*c**2 + 9*c + 16. What is the remainder when q(m) is divided by 18?
14
Suppose -3*c - 9 = -24, -2*a - 3*c = -43. Calculate the remainder when a is divided by (1 + 0 - 2) + 215/43.
2
Let p(g) = g + 4. Let i be (-1)/((-28)/(-30) + -1). Suppose 2*c - 28 = 3*u - 239, -5*u = -5*c - 345. Calculate the remainder when u is divided by p(i).
16
Let h be 318/9 - (-4)/6. Suppose m + 5*y - 16 = 0, 0 = -4*m + 7*m + 3*y - h. Calculate the remainder when 54 is divided by m.
10
Let t(l) = -l**3 - l**2 + 10. Let o be t(3). Let r = 46 + o. What is the remainder when 75 is divided by r?
15
Suppose 5*s = -119 + 19. Let f = 48 + s. Calculate the remainder when 111 is divided by f.
27
Let r(q) = -7*q**2 - 95*q - 1. Calculate the remainder when r(-7) is divided by 81.
78
Let o(k) = -5*k - 9. Let l be o(-7). Suppose 24 = h + d - l, -4*h + 4*d = -168. Let u = h + -33. Calculate the remainder when u is divided by 4.
1
Let q(i) = -2*i + 14. Let g be q(10). Calculate the remainder when 37 is divided by (-7 - g)*(-26)/2.
11
Let i(s) = 3*s**3 - 21*s**2 + 3*s - 8. Suppose -5*k + 4*r + 29 = -2*k, 4*k + 5*r = 18. Calculate the remainder when i(7) is divided by k.
6
Let u(w) = w**2 + 5*w - 7. Let h be u(-7). Let a(r) = -3*r**2 + 6 + h*r**2 + 8*r**2 + 9 + 13*r - r**3. Calculate the remainder when a(13) is divided by 4.
3
Let m = -5 - -7. Let k(s) = s**3 - 2*s**2 - s + 2. Let t be k(m). Let r(y) = -y**3 - y**2 - y + 11. Calculate the remainder when 21 is divided by r(t).
10
Let p(j) = -j**2 - 21*j - 54. Calculate the remainder when 397 is divided by p(-8).
47
Suppose o + 2*p = 4*p + 35, 5*p - 250 = -5*o. Let y(k) = k**3 + 38*k**2 - 49*k - 1850. Calculate the remainder when o is divided by y(-38).
9
Suppose 5*n + 33 = -22. Calculate the remainder when 78 is divided by n + 7 - (1 - 25).
18
Let v be 14/(-49) + 153/21. Let c = v - -7. Calculate the remainder when 27 is divided by c.
13
Suppose 11*c = 8*c - 21. Let q = -2 - c. Calculate the remainder when (q + -11)*(-16)/6 is divided by 6.
4
Suppose -4*n + 4438 = 10*n. What is the remainder when n is divided by 20?
17
Let i(t) = -15*t**3 - t**2 + 3*t + 3. Let d = 87 - 33. What is the remainder when d is divided by i(-1)?
12
Suppose 84 = 4*l - 96. Suppose -4 = -2*k - 6*j + 2*j, -5*j - 15 = 0. Suppose -i + 8 + k = 0. What is the remainder when l is divided by i?
13
Calculate the remainder when 15 is divided by (0 + 4 - 5)/((-1)/5).
0
Suppose -3*y = -22 + 7. Suppose 0 = -b + 4, 3*r + y*b - 70 = -2*r. Calculate the remainder when 24 is divided by r.
4
Let o = 963 - 935. What is the remainder when 183 is divided by o?
15
Suppose 0 = 4*w + 5*p + 104, -2*w = 2*p - 5*p + 30. Let o = -12 - w. Calculate the remainder when o is divided by 3.
0
Let d(o) = -o**3 + 8*o**2 + 4*o - 27. Suppose 0 = -2*s - s. Suppose -c + 18 = -s*c. Calculate the remainder when c is divided by d(8).
3
Let r = 42 - -90. Suppose 2*y = y + r. What is the remainder when y is divided by 27?
24
Calculate the remainder when (1062/(-413))/(3/(-182)) is divided by 74.
8
Let m be -2 + 0 - -66 - -2. Suppose 3*f - 4*a = 80, -2*f - 26 = 4*a - m. Let u = 45 - f. What is the remainder when u is divided by 6?
3
Let u(r) = 58*r**2 - 3*r - 3. Let z(d) = -d**2 - 6*d + 6. Let w be z(-7). What is the remainder when u(w) is divided by 12?
10
Let h(o) = o**3 - 3*o**2 + 3*o - 2. Let w be h(4). Suppose 0*p - w = -2*p. Calculate the remainder when (-227)/(-6) - (-10)/60 is divided by p.
12
Let j(x) = -10*x + x**3 - x - 8 - 10 + 7*x**2. What is the remainder when 16 is divided by j(-8)?
4
Let c = 24 + 43. What is the remainder when c is divided by 34?
33
Let v(p) = p**2 - p - 10. Let t be v(6). Suppose -19*x + t*x - 16 = 0. Calculate the remainder when x is divided by 5.
1
Let y = -136 + 225. Calculate the remainder when y is divided by 9.
8
Let t be (-2)/(-4) - (-22)/4. Suppose -t = -3*x + 12. What is the remainder when (-4 - (-748)/20) + 8/(-20) is divided by x?
3
Let p(d) = 3*d**3 + 4*d**2 - d + 4. Suppose -12 = -4*h, 2*s + 65 = -0*s - 5*h. Let a = -10 - s. What is the remainder when p(3) is divided by a?
28
Let s(d) = -14*d - 10. Let m = -36 + 34. Calculate the remainder when 53 is divided by s(m).
17
Calculate the remainder when (-10)/(-25) + 8892/95 is divided by 52.
42
Suppose 5*v + 16 - 66 = 0. Suppose 0 = 5*j - 0*j - v. Suppose -j + 1 = -n, -c = 2*n - 16. Calculate the remainder when 53 is divided by c.
11
Calculate the remainder when 45/(1 + 2) + 2 + 0 is divided by 3.
2
Suppose -2*s + 0*x - 4*x + 28 = 0, 8 = -4*x. Suppose 11*a - 676 = -2*a. Calculate the remainder when a is divided by s.
16
Let l be 1 - (-4 + (-1)/(-1)). Suppose 0 = 3*d + 9, l*o - d = -3*d + 98. What is the remainder when o is divided by 10?
6
Suppose 2*a + 4*q = -a + 9, 6 = 2*a - 4*q. Let y be 2*2/(-18)*-9. What is the remainder when y - (2 + -3 - 1) is divided by a?
1
Suppose -3*p + 32 = -4. Suppose o = -3*o + p. Calculate the remainder when 15 is divided by (4 + -3)*(o + 1).
3
Suppose -12*o + 2527 = -917. What is the remainder when o is divided by 36?
35
Let l be (-147)/(-7)*(-2)/(-6). Suppose -3*x = -50 + 2. What is the remainder when 3 - l*8*-1 is divided by x?
11
Suppose 39 - 3 = 3*d. Suppose 3*r + 0 = d. Let t(g) = -97*g - 187. What is the remainder when t(-2) is divided by r?
3
Let h = 2681 + -575. What is the remainder when h is divided by 19?
16
Let q = 1655 + -1535. Calculate the remainder when q is divided by 33.
21
Calculate the remainder when 98 is divided by -5*(-4)/(-30)*-30.
18
Suppose 40 = 2*n - k, 5*n + 9*k = 13*k + 94. Calculate the remainder when n is divided by 12.
10
Let y = -74 + 91. Calculate the remainder when 745 is divided by y.
14
Let v(d) = -8*d - 3. Suppose 5*y = 2*o - 1, 7*o - 2*o + 3*y + 13 = 0. Let a be v(o). Suppose -3*n - a = -49. Calculate the remainder when 23 is divided by n.
11
Let k(z) = 9*z - 24. Calculate the remainder when 153 is divided by k(4).
9
Let m(n) = n**2 + 3*n - 3. Let o be 2*(15/2)/3. Suppose -4 = -4*l + 5*l - 3*v, 0 = -o*l + 4*v + 35. Calculate the remainder when l is divided by m(2).
4
Let k = -141 + 16. Let b be (-6)/(-12)*122/2*6. Let d = k + b. Calculate the remainder when d is divided by 30.
28
Suppose 5*r + 153 = -2*b + 1233, 5*b - 2700 = -r. What is the remainder when b is divided by 78?
72
Let q be (-34)/17 + (-1 - -15). What is the remainder when q/(-18) + (-352)/(-6) is divided by 21?
16
Suppose 3*s = 4*y - 27, -5*y = 6*s - 2*s + 5. Suppose 0*r - 26 = -5*k - 3*r, 0 = -3*k + 3*r + 6. Let w = k - s. What is the remainder when 15 is divided by w?
6
Let u be -3*(-1)/3*18. Let h = u + -13. What is the remainder when (21/(-12))/(2/(-8)) is divided by h?
2
Let b(a) = a - 8. Let u be b(5). Calculate the remainder when (-136)/(4 - (u + 8)) is divided by 46.
44
Let t = -60 - -65. What is the remainder when 9/12 - t*339/(-12) is divided by 16?
14
Let l(o) 